 greatest common divisor of z and l.
56
Suppose -t - 765 = -3*z, -104*z + 5*t = -105*z + 271. What is the highest common divisor of z and 20480?
256
Suppose 0 = 5*b + 4*w - 319, -3*b + 8*b - 311 = 4*w. Calculate the greatest common factor of b and 9.
9
Let g(j) = -3*j**2 + 40*j + 111. Let z be g(-3). Let x be 108/22 - z/396 - -135. What is the greatest common factor of 175 and x?
35
Let m(g) = -g**2 - 5*g + 44. Let a be m(-13). Let n be a*(252/(-8))/9. Calculate the highest common divisor of 84 and n.
42
Suppose 3791396 = -81*q + 349*q. What is the highest common divisor of q and 86?
43
Suppose 0 = 13*v + 2170 - 8007. Let d be v - (6 + -10 - 3). What is the highest common factor of d and 171?
57
Suppose 4*w + 5 = -3. Let n be w - ((-158 - -2) + -1). Let b(p) = 14*p - 22. Let h be b(6). Calculate the greatest common divisor of h and n.
31
Let s = -25 - -34. Let x(w) = -3*w + 40. Let p(n) = n - 2. Let i(v) = 2*p(v) + x(v). Let d be i(0). Calculate the highest common divisor of d and s.
9
Let p(g) = 4*g**3 - 5*g**2 + 23. Let k be p(3). Calculate the highest common divisor of k and 3698.
86
Suppose -381 = -3*h + 180. Let f = 219 - h. Calculate the highest common factor of f and 352.
32
Suppose 1 = 3*q - 2. Let h be (0 + (0 - -1))*(-65 + 65). Suppose h = -14*g + 59 + 11. Calculate the highest common divisor of g and q.
1
Let x be 7/3 + 8/12. Suppose -4*n - 25 = -5*s + 313, n = -x*s + 213. Let t = 162 - s. What is the greatest common divisor of t and 46?
46
Suppose -g + 2 + 5 = 0. Let k = 149 - 146. Suppose k = 5*l - 7, 0 = -2*b + 4*l + 146. What is the greatest common factor of g and b?
7
Let b(d) = 4*d**3 - 9*d**2 - 52*d + 357. Let l be b(6). What is the highest common divisor of l and 169?
13
Suppose 16*f = 1588 - 452. Let z = 78 - 11. Let n = f - z. Calculate the greatest common divisor of 4 and n.
4
Let n = 651 + -637. Suppose -1066 = -27*m - n*m. Calculate the highest common divisor of m and 104.
26
Let h(v) = -593*v + 623. Let s be h(1). Calculate the highest common factor of 7290 and s.
30
Let v = 492 + -486. Suppose 5*y + v*b = b + 1590, -3*b - 3 = 0. Calculate the greatest common divisor of y and 22.
11
Suppose 25*y - 16*y = 135. Suppose 12*r + 504 = y*r. Suppose -5*u + 4*f + 117 = 0, -f - 2 = 1. What is the greatest common divisor of r and u?
21
Let y = -30080 + 48985. What is the greatest common divisor of y and 95?
95
Let q be (-54)/15 - -3 - 1576/(-10). Let w = -95 + q. Let c = 79 - w. What is the greatest common factor of 17 and c?
17
Suppose 2 = -58*m + 59*m. Let v(i) = 91*i - 2. Let z be v(m). Calculate the greatest common factor of z and 36.
36
Let c = -158 + 110. Let m = c + 54. Suppose 14 + m = 4*b. Calculate the greatest common factor of 35 and b.
5
Suppose -264 = 14*a - 22*a. Calculate the highest common divisor of a and 2937.
33
Let d(i) = 38*i + 2893. Let z be d(-76). What is the highest common factor of 35 and z?
5
Suppose 0 = -46*f + 38*f + 32. Let t be (32/f)/(5/30). Let g(z) = z**2 - 3. Let k be g(3). Calculate the highest common factor of k and t.
6
Suppose 33*c - 289 = 30*c + o, 5*c - 500 = -2*o. Calculate the highest common factor of 2989 and c.
49
Let m(z) = 221*z**2 + 107*z - 202. Let n be m(2). Calculate the highest common factor of 2816 and n.
128
Let j = 49 - 46. Suppose -2 = -2*v - 12, j*n = 3*v + 168. Calculate the greatest common factor of 3 and n.
3
Suppose 0 = -3*i + 9 + 3. Suppose -46*c + 22*c = -1152. Suppose -i*s - 3*b = -138, c - 2 = s - 5*b. Calculate the highest common divisor of s and 12.
12
Let b be (-2 + (-1 - -2))*(7 + -46)/1. Calculate the highest common factor of 455 and b.
13
Let r be (-152)/(-32) - 1/(-4). Suppose -70 = -g + r*u, -4*g - 3*u + 16 + 172 = 0. Suppose -7*j - 3*j = -g. Calculate the highest common factor of 1 and j.
1
Suppose h + 348 = 4*h. Suppose 13*p - 10*p - 8*p + 5 = 0, -3*a + 2*p = -10. Calculate the greatest common factor of h and a.
4
Suppose -3*z - 2098 + 880 = 0. Let q be z/(7/(7/(-2))). Let p(a) = a**3 - 19*a**2 - 18*a - 11. Let y be p(20). What is the highest common factor of y and q?
29
Suppose -3*y + 145 = y - w, 3*y - 4*w = 99. Let x = 1448 + -1431. Let t = y - x. Calculate the highest common divisor of t and 180.
20
Suppose -i + 12 = 2*i. Suppose -4*q + 20 = u - i*u, 5*q - 25 = -3*u. Suppose 4*p - f - 444 = 0, f = q*f + 16. What is the greatest common factor of p and 22?
22
Let u be -5*((5 - 11) + -2008). Calculate the greatest common divisor of u and 424.
106
Suppose -4*n = 5*i - 1 - 21, 3*i + 6 = 0. Suppose 0 = -22*u - n*u + 3780. What is the greatest common factor of u and 18?
18
Let z = 95 - 49. Let c be (0 - (1 + -2))*215/(-5). Let y be 43 + c + (231 - (3 + -2)). What is the greatest common divisor of y and z?
46
Let n(z) = -z**2 + 39*z - 314. Let f be n(17). Calculate the highest common factor of 52 and f.
4
Suppose 0 = 4*j + 8*j - 216. Suppose v + j*c - 28 = 23*c, 4*c - 16 = 0. Calculate the highest common factor of v and 36.
12
Suppose -894 = -2*w + 2322. Suppose -3*y + 6*y - 1611 = -5*g, -5*g - 4*y + w = 0. Calculate the highest common factor of 12 and g.
12
Suppose 8*o - 114*o + 14092 + 1490 = 0. Calculate the greatest common divisor of o and 21.
21
Suppose 22*v + 265947 = 9*v + 914764. Calculate the highest common divisor of v and 29.
29
Let f = -2970 - -5480. Suppose -16*d - 446 + f = 0. What is the highest common factor of 43 and d?
43
Suppose 5*k + 45*m - 43*m = 22094, 6 = -2*m. What is the greatest common factor of k and 520?
260
Let v be (198/24)/((-57)/(-2204)). Calculate the highest common divisor of 132 and v.
11
Let n = -207 + 471. Suppose -17*b = -5*k - 13*b + 236, 2*k = b + 95. Calculate the greatest common factor of n and k.
24
Suppose -5*z = -3*w - 1034, 3*z - 3*w - 634 = -8*w. What is the greatest common factor of z and 884?
52
Let h(l) = -l**3 + 8*l**2 + 4*l. Let u be h(4). Let n = 70557 + -70541. What is the greatest common factor of n and u?
16
Let g be 12952/3 + 65/(1170/12). Calculate the greatest common factor of g and 34.
34
Let n = -31 - -54. Let c(p) = -p**3 + 8*p**2 - 10*p - 9. Let k be c(5). Suppose -o + k = -30. What is the greatest common factor of o and n?
23
Suppose -16*k + 82 = -14*k. Suppose 4*v = w - k, w + 4*v + v - 23 = 0. Calculate the greatest common factor of w and 231.
33
Let c = -2626 + 2627. Calculate the highest common factor of c and 113.
1
Let z(w) = -6065*w + 24269. Let s be z(4). Let u(c) = 639*c**2. Let x be u(-1). Calculate the greatest common factor of s and x.
9
Suppose 21*f = 8*f + 8645. Suppose -v + 220 = -l - 0*l, 2*l = 3*v - f. Calculate the highest common factor of v and 45.
45
Suppose 3*y + 36 = 4*y. Let o be 2460/9 + (-2)/(-6)*-1. Suppose -o*s = -271*s - 180. What is the highest common divisor of s and y?
18
Let r(y) = -4*y + 34. Suppose -154 = -14*v + 25*v. Let z be r(v). What is the highest common divisor of 10 and z?
10
Let z = -11689 + 11871. Calculate the greatest common factor of 5824 and z.
182
Let z(o) = 936*o - 6. Let v be z(2). Suppose 2*h + 19*d = 24*d + v, -3*h + 2781 = -3*d. What is the greatest common divisor of 13 and h?
13
Suppose 1543342 = 282*c - 3020546. Calculate the greatest common divisor of 8 and c.
8
Let l be 6894/10 + (-2)/5. Suppose 409 = 2*u + y + 377, 3*u - 5*y = 9. Calculate the highest common factor of l and u.
13
Let s be (0 - -110)/(10/32). Calculate the highest common factor of s and 344.
8
Let p be -4*(2345/14 + 2)*209/(-33). What is the highest common factor of 114 and p?
38
Let j = -16799 - -45825. What is the greatest common divisor of j and 46?
46
Let a(v) = 16*v + 1. Let c be a(2). Let b = -33868 - -33871. What is the greatest common factor of b and c?
3
Let d = 62 - -67. Let h be (2/3)/(((-8)/d)/(-4)). What is the greatest common factor of h and 473?
43
Suppose -2766*b = -2759*b - 791. Calculate the greatest common factor of b and 8136.
113
Let p(j) = 7*j - 3. Let x be p(1). Suppose -19 + 3 = -x*d. Suppose d*s - 2*i = 8*s - 134, -69 = -2*s - 3*i. Calculate the greatest common divisor of 165 and s.
33
Let t be ((-45)/(-1))/(21/658) - (15 - 15). Calculate the highest common divisor of 270 and t.
30
Suppose 440 = 10*h - 910. Suppose 0 = -4*i - n + 281, -2*i - 3*n + 8*n = -h. Calculate the highest common divisor of i and 30.
10
Suppose 6 = -x + 10, -2*y + x = -3